{"id":44,"date":"2015-06-03T13:25:49","date_gmt":"2015-06-03T11:25:49","guid":{"rendered":"http:\/\/stadtgluet.ch\/?page_id=44"},"modified":"2020-12-30T20:23:19","modified_gmt":"2020-12-30T19:23:19","slug":"stadtglueuet-mieten","status":"publish","type":"page","link":"http:\/\/stadtgluet.ch\/?page_id=44","title":{"rendered":"Stadtgl\u00fc\u00fct engagieren"},"content":{"rendered":"<p>Das Stadtgl\u00fc\u00fct ist auch mobil und kann \u00fcberall aufgef\u00fchrt werden, drinnen oder draussen.<br \/>\nEine auf 8 Kan\u00e4le reduzierte Version mit kleinerer Verst\u00e4rkeranlage eignet sich f\u00fcr kleinere bis mittlere Veranstaltungen: \u00dcberall wo festlicher Glockenklang passt und Rock &#8217;n&#8216; Roll zu altm\u00f6dig klingt&#8230;!\u00a0 (Gottestdienst, Familienfeier, Er\u00f6ffnung einer Ausstellung usw.)<\/p>\n<p><a href=\"http:\/\/stadtgluet.ch\/?p=112\">Setzen Sie sich mit uns f\u00fcr eine Offerte in Verbindung.<\/a><\/p>\n","protected":false},"excerpt":{"rendered":"<p>Das Stadtgl\u00fc\u00fct ist auch mobil und kann \u00fcberall aufgef\u00fchrt werden, drinnen oder draussen. Eine auf 8 Kan\u00e4le reduzierte Version mit kleinerer Verst\u00e4rkeranlage eignet sich f\u00fcr kleinere bis mittlere Veranstaltungen: \u00dcberall wo festlicher Glockenklang passt und Rock &#8217;n&#8216; Roll zu altm\u00f6dig klingt&#8230;!\u00a0 (Gottestdienst, Familienfeier, Er\u00f6ffnung einer Ausstellung usw.) Setzen Sie sich mit uns f\u00fcr eine Offerte &hellip; <a href=\"http:\/\/stadtgluet.ch\/?page_id=44\" class=\"more-link\"><span class=\"screen-reader-text\">Stadtgl\u00fc\u00fct engagieren<\/span> weiterlesen<\/a><\/p>\n","protected":false},"author":1,"featured_media":83,"parent":0,"menu_order":4,"comment_status":"closed","ping_status":"closed","template":"","meta":{"footnotes":""},"class_list":["post-44","page","type-page","status-publish","has-post-thumbnail","hentry"],"_links":{"self":[{"href":"http:\/\/stadtgluet.ch\/index.php?rest_route=\/wp\/v2\/pages\/44","targetHints":{"allow":["GET"]}}],"collection":[{"href":"http:\/\/stadtgluet.ch\/index.php?rest_route=\/wp\/v2\/pages"}],"about":[{"href":"http:\/\/stadtgluet.ch\/index.php?rest_route=\/wp\/v2\/types\/page"}],"author":[{"embeddable":true,"href":"http:\/\/stadtgluet.ch\/index.php?rest_route=\/wp\/v2\/users\/1"}],"replies":[{"embeddable":true,"href":"http:\/\/stadtgluet.ch\/index.php?rest_route=%2Fwp%2Fv2%2Fcomments&post=44"}],"version-history":[{"count":8,"href":"http:\/\/stadtgluet.ch\/index.php?rest_route=\/wp\/v2\/pages\/44\/revisions"}],"predecessor-version":[{"id":283,"href":"http:\/\/stadtgluet.ch\/index.php?rest_route=\/wp\/v2\/pages\/44\/revisions\/283"}],"wp:featuredmedia":[{"embeddable":true,"href":"http:\/\/stadtgluet.ch\/index.php?rest_route=\/wp\/v2\/media\/83"}],"wp:attachment":[{"href":"http:\/\/stadtgluet.ch\/index.php?rest_route=%2Fwp%2Fv2%2Fmedia&parent=44"}],"curies":[{"name":"wp","href":"https:\/\/api.w.org\/{rel}","templated":true}]}}

Stadtglüüt engagieren

<p>Das Stadtglüüt ist auch mobil und kann überall aufgeführt werden, drinnen oder draussen.<br />
Eine auf 8 Kanäle reduzierte Version mit kleinerer Verstärkeranlage eignet sich für kleinere bis mittlere Veranstaltungen: Überall wo festlicher Glockenklang passt und Rock &#8217;n&#8216; Roll zu altmödig klingt&#8230;!  (Gottestdienst, Familienfeier, Eröffnung einer Ausstellung usw.)</p>
<p><a href="http://stadtgluet.ch/?p=112">Setzen Sie sich mit uns für eine Offerte in Verbindung.</a></p>

<p>Das Stadtglüüt ist auch mobil und kann überall aufgeführt werden, drinnen oder draussen. Eine auf 8 Kanäle reduzierte Version mit kleinerer Verstärkeranlage eignet sich für kleinere bis mittlere Veranstaltungen: Überall wo festlicher Glockenklang passt und Rock &#8217;n&#8216; Roll zu altmödig klingt&#8230;!  (Gottestdienst, Familienfeier, Eröffnung einer Ausstellung usw.) Setzen Sie sich mit uns für eine Offerte &hellip; <a href="http://stadtgluet.ch/?page_id=44" class="more-link"><span class="screen-reader-text">Stadtglüüt engagieren</span> weiterlesen</a></p>
